{"id":113,"date":"2019-09-19T17:54:37","date_gmt":"2019-09-19T17:54:37","guid":{"rendered":"https:\/\/kundenschreiner-schuler.ch\/?page_id=113"},"modified":"2024-06-01T14:27:01","modified_gmt":"2024-06-01T14:27:01","slug":"galerie","status":"publish","type":"page","link":"https:\/\/kundenschreiner-schuler.ch\/?page_id=113","title":{"rendered":"Galerie"},"content":{"rendered":"\t\t<div data-elementor-type=\"wp-page\" data-elementor-id=\"113\" class=\"elementor elementor-113\">\n\t\t\t\t\t\t<section class=\"elementor-section elementor-top-section elementor-element elementor-element-8609025 elementor-section-full_width elementor-section-height-default elementor-section-height-default\" data-id=\"8609025\" data-element_type=\"section\" data-e-type=\"section\">\n\t\t\t\t\t\t<div class=\"elementor-container elementor-column-gap-default\">\n\t\t\t\t\t<div class=\"elementor-column elementor-col-100 elementor-top-column elementor-element elementor-element-b1d106a\" data-id=\"b1d106a\" data-element_type=\"column\" data-e-type=\"column\">\n\t\t\t<div class=\"elementor-widget-wrap elementor-element-populated\">\n\t\t\t\t\t\t<div class=\"elementor-element elementor-element-1414178 elementor-arrows-position-inside elementor-pagination-position-outside elementor-widget elementor-widget-image-carousel\" data-id=\"1414178\" data-element_type=\"widget\" data-e-type=\"widget\" data-settings=\"{&quot;slides_to_show&quot;:&quot;3&quot;,&quot;speed&quot;:1500,&quot;_animation&quot;:&quot;none&quot;,&quot;autoplay_speed&quot;:3000,&quot;navigation&quot;:&quot;both&quot;,&quot;autoplay&quot;:&quot;yes&quot;,&quot;pause_on_hover&quot;:&quot;yes&quot;,&quot;pause_on_interaction&quot;:&quot;yes&quot;,&quot;infinite&quot;:&quot;yes&quot;}\" data-widget_type=\"image-carousel.default\">\n\t\t\t\t<div class=\"elementor-widget-container\">\n\t\t\t\t\t\t\t<div class=\"elementor-image-carousel-wrapper swiper\" role=\"region\" aria-roledescription=\"carousel\" aria-label=\"Bild Karussell\" dir=\"ltr\">\n\t\t\t<div class=\"elementor-image-carousel swiper-wrapper\" aria-live=\"off\">\n\t\t\t\t\t\t\t\t<div class=\"swiper-slide\" role=\"group\" aria-roledescription=\"slide\" aria-label=\"1 von 26\"><figure class=\"swiper-slide-inner\"><img decoding=\"async\" class=\"swiper-slide-image\" src=\"https:\/\/kundenschreiner-schuler.ch\/wp-content\/uploads\/elementor\/thumbs\/IMG-20191004-WA0021-oexbmc8w4t80ftd10dv8m2xnco91gx7g4q2sa2xdx4.jpg\" alt=\"Umbau Deckenverkleidung\" \/><figcaption class=\"elementor-image-carousel-caption\">Umbau Deckenverkleidung<\/figcaption><\/figure><\/div><div class=\"swiper-slide\" role=\"group\" aria-roledescription=\"slide\" aria-label=\"2 von 26\"><figure class=\"swiper-slide-inner\"><img decoding=\"async\" class=\"swiper-slide-image\" src=\"https:\/\/kundenschreiner-schuler.ch\/wp-content\/uploads\/elementor\/thumbs\/DSC_0448-scaled-qp0slmxukr91brjn2dd5kwx62zzh6b5fagi8apu9x4.jpg\" alt=\"DSC_0448\" \/><\/figure><\/div><div class=\"swiper-slide\" role=\"group\" aria-roledescription=\"slide\" aria-label=\"3 von 26\"><figure class=\"swiper-slide-inner\"><img decoding=\"async\" class=\"swiper-slide-image\" src=\"https:\/\/kundenschreiner-schuler.ch\/wp-content\/uploads\/elementor\/thumbs\/DSC_0135-scaled-qp0shyelt47luqw5ka2rbcd6bo4q0zj9s8irmpasag.jpg\" alt=\"DSC_0135\" \/><\/figure><\/div><div class=\"swiper-slide\" role=\"group\" aria-roledescription=\"slide\" aria-label=\"4 von 26\"><figure class=\"swiper-slide-inner\"><img decoding=\"async\" class=\"swiper-slide-image\" src=\"https:\/\/kundenschreiner-schuler.ch\/wp-content\/uploads\/elementor\/thumbs\/20220416_135843-scaled-qp0sczt9qlf4ku3kj4vn5lflggkzehu9rokig4nl4o.jpg\" alt=\"20220416_135843\" \/><\/figure><\/div><div class=\"swiper-slide\" role=\"group\" aria-roledescription=\"slide\" aria-label=\"5 von 26\"><figure class=\"swiper-slide-inner\"><img decoding=\"async\" class=\"swiper-slide-image\" src=\"https:\/\/kundenschreiner-schuler.ch\/wp-content\/uploads\/elementor\/thumbs\/20220709_181423-002-scaled-qp0sds0ffmhq94ylyh2g8ebfa0pztey7vk52ufhry0.jpg\" alt=\"Terrassenboden\" \/><figcaption class=\"elementor-image-carousel-caption\">Terrassenboden<\/figcaption><\/figure><\/div><div class=\"swiper-slide\" role=\"group\" aria-roledescription=\"slide\" aria-label=\"6 von 26\"><figure class=\"swiper-slide-inner\"><img decoding=\"async\" class=\"swiper-slide-image\" src=\"https:\/\/kundenschreiner-schuler.ch\/wp-content\/uploads\/elementor\/thumbs\/IMG-20191004-WA0022-oexbme4kihal31aapeohr2gkjfzrwbewszdr8mulko.jpg\" alt=\"Bodenabschluss Badezimmer\" \/><figcaption class=\"elementor-image-carousel-caption\">Bodenabschluss Badezimmer<\/figcaption><\/figure><\/div><div class=\"swiper-slide\" role=\"group\" aria-roledescription=\"slide\" aria-label=\"7 von 26\"><figure class=\"swiper-slide-inner\"><img decoding=\"async\" class=\"swiper-slide-image\" src=\"https:\/\/kundenschreiner-schuler.ch\/wp-content\/uploads\/elementor\/thumbs\/DSC_0441-scaled-qp0skcvr9vhzivejjbgfoqjkz4ahp52ks4jfs5qke0.jpg\" alt=\"DSC_0441\" \/><\/figure><\/div><div class=\"swiper-slide\" role=\"group\" aria-roledescription=\"slide\" aria-label=\"8 von 26\"><figure class=\"swiper-slide-inner\"><img decoding=\"async\" class=\"swiper-slide-image\" src=\"https:\/\/kundenschreiner-schuler.ch\/wp-content\/uploads\/elementor\/thumbs\/DSC_0079-scaled-qp0sfnot3p2dh28azabl7x8m1rgf7mew4v41ecpfi0.jpg\" alt=\"DSC_0079\" \/><\/figure><\/div><div class=\"swiper-slide\" role=\"group\" aria-roledescription=\"slide\" aria-label=\"9 von 26\"><figure class=\"swiper-slide-inner\"><img decoding=\"async\" class=\"swiper-slide-image\" src=\"https:\/\/kundenschreiner-schuler.ch\/wp-content\/uploads\/elementor\/thumbs\/DSC_0114-scaled-qp0shhhie3kg1rkqb2rh2gmvmqg46fo3pws0zpzveg.jpg\" alt=\"K\u00fcchenumbau\" \/><figcaption class=\"elementor-image-carousel-caption\">K\u00fcchenumbau <\/figcaption><\/figure><\/div><div class=\"swiper-slide\" role=\"group\" aria-roledescription=\"slide\" aria-label=\"10 von 26\"><figure class=\"swiper-slide-inner\"><img decoding=\"async\" class=\"swiper-slide-image\" src=\"https:\/\/kundenschreiner-schuler.ch\/wp-content\/uploads\/elementor\/thumbs\/IMG-20191004-WA0024-oexbmgy32zeg1v678xwdgjqybllvjeq3tdc7ogqf20.jpg\" alt=\"K\u00fcchenumbau\" \/><figcaption class=\"elementor-image-carousel-caption\">K\u00fcchenumbau <\/figcaption><\/figure><\/div><div class=\"swiper-slide\" role=\"group\" aria-roledescription=\"slide\" aria-label=\"11 von 26\"><figure class=\"swiper-slide-inner\"><img decoding=\"async\" class=\"swiper-slide-image\" src=\"https:\/\/kundenschreiner-schuler.ch\/wp-content\/uploads\/elementor\/thumbs\/IMG-20191004-WA0015-oexbm00znyra8vurzql37o0nmnx9ouuxr1lh1hfi60.jpg\" alt=\"Mein Montagebus\" \/><figcaption class=\"elementor-image-carousel-caption\">Mein Montagebus<\/figcaption><\/figure><\/div><div class=\"swiper-slide\" role=\"group\" aria-roledescription=\"slide\" aria-label=\"12 von 26\"><figure class=\"swiper-slide-inner\"><img decoding=\"async\" class=\"swiper-slide-image\" src=\"https:\/\/kundenschreiner-schuler.ch\/wp-content\/uploads\/elementor\/thumbs\/20220917_185337-002-scaled-qp0se640a5113ae4o55ursrc6ssi0vi6xhxd1kwvco.jpg\" alt=\"Wandverkleidung\" \/><figcaption class=\"elementor-image-carousel-caption\">Wandverkleidung<\/figcaption><\/figure><\/div><div class=\"swiper-slide\" role=\"group\" aria-roledescription=\"slide\" aria-label=\"13 von 26\"><figure class=\"swiper-slide-inner\"><img decoding=\"async\" class=\"swiper-slide-image\" src=\"https:\/\/kundenschreiner-schuler.ch\/wp-content\/uploads\/elementor\/thumbs\/DSC_0103-scaled-qp0sgzmks8vzx6ao7d1k9354cew546p7bgdsvgqcoo.jpg\" alt=\"DSC_0103\" \/><\/figure><\/div><div class=\"swiper-slide\" role=\"group\" aria-roledescription=\"slide\" aria-label=\"14 von 26\"><figure class=\"swiper-slide-inner\"><img decoding=\"async\" class=\"swiper-slide-image\" src=\"https:\/\/kundenschreiner-schuler.ch\/wp-content\/uploads\/elementor\/thumbs\/20211113_095839-002-scaled-qp0sbve7kpvsplqa35eoodmrww477idta4imt8bik8.jpg\" alt=\"Montage Vorhangstangen\" \/><figcaption class=\"elementor-image-carousel-caption\">Montage Vorhangstangen<\/figcaption><\/figure><\/div><div class=\"swiper-slide\" role=\"group\" aria-roledescription=\"slide\" aria-label=\"15 von 26\"><figure class=\"swiper-slide-inner\"><img decoding=\"async\" class=\"swiper-slide-image\" src=\"https:\/\/kundenschreiner-schuler.ch\/wp-content\/uploads\/elementor\/thumbs\/20210914_171347-002-scaled-qp0sb371vot71av8nt7vlkqy3bz6sl9v68y2exhbqw.jpg\" alt=\"20210914_171347 (002)\" \/><\/figure><\/div><div class=\"swiper-slide\" role=\"group\" aria-roledescription=\"slide\" aria-label=\"16 von 26\"><figure class=\"swiper-slide-inner\"><img decoding=\"async\" class=\"swiper-slide-image\" src=\"https:\/\/kundenschreiner-schuler.ch\/wp-content\/uploads\/elementor\/thumbs\/20200717_191742-002-scaled-qp0sarwzlodr5zbmhoccrnleypis88134p48nly1tk.jpg\" alt=\"Holzgel\u00e4nder\" \/><figcaption class=\"elementor-image-carousel-caption\">Holzgel\u00e4nder<\/figcaption><\/figure><\/div><div class=\"swiper-slide\" role=\"group\" aria-roledescription=\"slide\" aria-label=\"17 von 26\"><figure class=\"swiper-slide-inner\"><img decoding=\"async\" class=\"swiper-slide-image\" src=\"https:\/\/kundenschreiner-schuler.ch\/wp-content\/uploads\/elementor\/thumbs\/20220519_063120-002-scaled-qp0sdeuorxzpqlhq3bdo9hmyymiutnhz5r0a4k1ad4.jpg\" alt=\"20220519_063120 (002)\" \/><\/figure><\/div><div class=\"swiper-slide\" role=\"group\" aria-roledescription=\"slide\" aria-label=\"18 von 26\"><figure class=\"swiper-slide-inner\"><img decoding=\"async\" class=\"swiper-slide-image\" src=\"https:\/\/kundenschreiner-schuler.ch\/wp-content\/uploads\/elementor\/thumbs\/IMG-20191004-WA0036-oexbn87el6frek2ltrojyuvbjrviqmqbl49alhm01k.jpg\" alt=\"Vinylboden\" \/><figcaption class=\"elementor-image-carousel-caption\">Vinylboden<\/figcaption><\/figure><\/div><div class=\"swiper-slide\" role=\"group\" aria-roledescription=\"slide\" aria-label=\"19 von 26\"><figure class=\"swiper-slide-inner\"><img decoding=\"async\" class=\"swiper-slide-image\" src=\"https:\/\/kundenschreiner-schuler.ch\/wp-content\/uploads\/elementor\/thumbs\/DSC_0093-scaled-qp0sg3o2bvo8yfl3dz88wb7g5b9nuh6bv27ak21qk8.jpg\" alt=\"DSC_0093\" \/><\/figure><\/div><div class=\"swiper-slide\" role=\"group\" aria-roledescription=\"slide\" aria-label=\"20 von 26\"><figure class=\"swiper-slide-inner\"><img decoding=\"async\" class=\"swiper-slide-image\" src=\"https:\/\/kundenschreiner-schuler.ch\/wp-content\/uploads\/elementor\/thumbs\/Foto-Treppe-qp0smw23osyst1q3qwv8wljalht3fs4jgntjbzzdmg.png\" alt=\"Foto Treppe\" \/><\/figure><\/div><div class=\"swiper-slide\" role=\"group\" aria-roledescription=\"slide\" aria-label=\"21 von 26\"><figure class=\"swiper-slide-inner\"><img decoding=\"async\" class=\"swiper-slide-image\" src=\"https:\/\/kundenschreiner-schuler.ch\/wp-content\/uploads\/elementor\/thumbs\/20240131_190806-002-scaled-qp0sf9l896j2mwss9m86oisp4zdx05ux2xbr77ac3c.jpg\" alt=\"20240131_190806 (002)\" \/><\/figure><\/div><div class=\"swiper-slide\" role=\"group\" aria-roledescription=\"slide\" aria-label=\"22 von 26\"><figure class=\"swiper-slide-inner\"><img decoding=\"async\" class=\"swiper-slide-image\" src=\"https:\/\/kundenschreiner-schuler.ch\/wp-content\/uploads\/elementor\/thumbs\/20211213_173940-002-scaled-qp0sc9hsf8f3jr5ssti37s2oto6peyxsc2ax0dqlyw.jpg\" alt=\"20211213_173940 (002)\" \/><\/figure><\/div><div class=\"swiper-slide\" role=\"group\" aria-roledescription=\"slide\" aria-label=\"23 von 26\"><figure class=\"swiper-slide-inner\"><img decoding=\"async\" class=\"swiper-slide-image\" src=\"https:\/\/kundenschreiner-schuler.ch\/wp-content\/uploads\/elementor\/thumbs\/20161015_105223-og8llyabe7fuy2xctvk6qwj2ea9ufy9d71pzg0wat4.jpg\" alt=\"20161015_105223\" \/><\/figure><\/div><div class=\"swiper-slide\" role=\"group\" aria-roledescription=\"slide\" aria-label=\"24 von 26\"><figure class=\"swiper-slide-inner\"><img decoding=\"async\" class=\"swiper-slide-image\" src=\"https:\/\/kundenschreiner-schuler.ch\/wp-content\/uploads\/elementor\/thumbs\/IMG-20191004-WA0033-oexbn3i7n09bsi9fl7nf4e20kuioo57nwgzv73sywo.jpg\" alt=\"Verkleidung mit Dampfbremse\" \/><figcaption class=\"elementor-image-carousel-caption\">Verkleidung mit Dampfbremse<\/figcaption><\/figure><\/div><div class=\"swiper-slide\" role=\"group\" aria-roledescription=\"slide\" aria-label=\"25 von 26\"><figure class=\"swiper-slide-inner\"><img decoding=\"async\" class=\"swiper-slide-image\" src=\"https:\/\/kundenschreiner-schuler.ch\/wp-content\/uploads\/elementor\/thumbs\/IMG-20191004-WA0031-oexbmwxcb60bj8iznmt14xpsf5f469hjjkfgu62q48.jpg\" alt=\"Isolation Aussenwand\" \/><figcaption class=\"elementor-image-carousel-caption\">Isolation Aussenwand<\/figcaption><\/figure><\/div><div class=\"swiper-slide\" role=\"group\" aria-roledescription=\"slide\" aria-label=\"26 von 26\"><figure class=\"swiper-slide-inner\"><img decoding=\"async\" class=\"swiper-slide-image\" src=\"https:\/\/kundenschreiner-schuler.ch\/wp-content\/uploads\/elementor\/thumbs\/IMG-20191004-WA0027-oexbmniyetngb4wn6iqrg036hapg1ag869wm1egnug.jpg\" alt=\"Montage Fenster\" \/><figcaption class=\"elementor-image-carousel-caption\">Montage Fenster<\/figcaption><\/figure><\/div>\t\t\t<\/div>\n\t\t\t\t\t\t\t\t\t\t\t\t<div class=\"elementor-swiper-button elementor-swiper-button-prev\" role=\"button\" tabindex=\"0\">\n\t\t\t\t\t\t<i aria-hidden=\"true\" class=\"eicon-chevron-left\"><\/i>\t\t\t\t\t<\/div>\n\t\t\t\t\t<div class=\"elementor-swiper-button elementor-swiper-button-next\" role=\"button\" tabindex=\"0\">\n\t\t\t\t\t\t<i aria-hidden=\"true\" class=\"eicon-chevron-right\"><\/i>\t\t\t\t\t<\/div>\n\t\t\t\t\n\t\t\t\t\t\t\t\t\t<div class=\"swiper-pagination\"><\/div>\n\t\t\t\t\t\t\t\t\t<\/div>\n\t\t\t\t\t\t<\/div>\n\t\t\t\t<\/div>\n\t\t\t\t\t<\/div>\n\t\t<\/div>\n\t\t\t\t\t<\/div>\n\t\t<\/section>\n\t\t\t\t<\/div>\n\t\t","protected":false},"excerpt":{"rendered":"<p>Umbau Deckenverkleidung Terrassenboden Bodenabschluss Badezimmer K\u00fcchenumbau K\u00fcchenumbau Mein Montagebus Wandverkleidung Montage Vorhangstangen Holzgel\u00e4nder Vinylboden Verkleidung mit Dampfbremse Isolation Aussenwand Montage Fenster<\/p>\n","protected":false},"author":1,"featured_media":328,"parent":0,"menu_order":0,"comment_status":"closed","ping_status":"closed","template":"","meta":{"footnotes":""},"class_list":["post-113","page","type-page","status-publish","has-post-thumbnail","hentry"],"_links":{"self":[{"href":"https:\/\/kundenschreiner-schuler.ch\/index.php?rest_route=\/wp\/v2\/pages\/113","targetHints":{"allow":["GET"]}}],"collection":[{"href":"https:\/\/kundenschreiner-schuler.ch\/index.php?rest_route=\/wp\/v2\/pages"}],"about":[{"href":"https:\/\/kundenschreiner-schuler.ch\/index.php?rest_route=\/wp\/v2\/types\/page"}],"author":[{"embeddable":true,"href":"https:\/\/kundenschreiner-schuler.ch\/index.php?rest_route=\/wp\/v2\/users\/1"}],"replies":[{"embeddable":true,"href":"https:\/\/kundenschreiner-schuler.ch\/index.php?rest_route=%2Fwp%2Fv2%2Fcomments&post=113"}],"version-history":[{"count":56,"href":"https:\/\/kundenschreiner-schuler.ch\/index.php?rest_route=\/wp\/v2\/pages\/113\/revisions"}],"predecessor-version":[{"id":838,"href":"https:\/\/kundenschreiner-schuler.ch\/index.php?rest_route=\/wp\/v2\/pages\/113\/revisions\/838"}],"wp:featuredmedia":[{"embeddable":true,"href":"https:\/\/kundenschreiner-schuler.ch\/index.php?rest_route=\/wp\/v2\/media\/328"}],"wp:attachment":[{"href":"https:\/\/kundenschreiner-schuler.ch\/index.php?rest_route=%2Fwp%2Fv2%2Fmedia&parent=113"}],"curies":[{"name":"wp","href":"https:\/\/api.w.org\/{rel}","templated":true}]}}